3 (base 6) in base 14?
c3
Convert -101030 (base 6) to base 11.
-6022
What is 11110 (base 2) in base 14?
22
Convert -130414 (base 6) to base 5.
-334233
471 (base 13) to base 16
300
What is 133303 (base 4) in base 9?
2711
What is -10110 (base 4) in base 3?
-101020
What is 49b0 (base 16) in base 8?
44660
Convert 11b (base 16) to base 10.
283
Convert 11014 (base 5) to base 6.
3303
What is -14012 (base 7) in base 6?
-25302
Convert -14167 (base 8) to base 11.
-4784
10000110111000 (base 2) to base 14
3208
Convert -3112323 (base 4) to base 10.
-13755
Convert -1781 (base 11) to base 14.
-b7d
Convert -43233 (base 6) to base 10.
-5925
What is -283 (base 9) in base 13?
-153
What is -8588 (base 15) in base 8?
-67135
Convert 25d (base 16) to base 4.
21131
19c (base 15) to base 10
372
153540 (base 6) to base 8
35404
What is -5109 (base 15) in base 5?
-1021414
What is -13155 (base 7) in base 9?
-4740
177a4 (base 11) to base 6
311211
5b44 (base 16) to base 2
101101101000100
What is 10010010000110 (base 2) in base 9?
13738
-7a07 (base 11) to base 3
-112110011
What is 1101535 (base 6) in base 5?
3223401
Convert 412 (base 5) to base 16.
6b
What is -21058 (base 9) in base 4?
-3121100
What is -1128 (base 11) in base 16?
-5ca
-257 (base 9) to base 14
-114
-28280 (base 9) to base 11
-13464
Convert 1111202 (base 3) to base 2.
10001001100
What is -a2a (base 15) in base 11?
-17a2
23258 (base 11) to base 7
166621
Convert 336 (base 7) to base 10.
174
What is -1230133 (base 5) in base 10?
-23793
What is -2 (base 12) in base 5?
-2
-1122 (base 7) to base 14
-212
Convert 1856 (base 9) to base 11.
1089
-1185 (base 15) to base 13
-1907
-111012 (base 3) to base 13
-215
Convert c7ae (base 15) to base 4.
22103333
What is 1001110011 (base 2) in base 11?
520
Convert -7bc7 (base 16) to base 2.
-111101111000111
115 (base 13) to base 2
10111011
What is 886 (base 16) in base 8?
4206
Convert -15f1 (base 16) to base 3.
-21201001
-2033210 (base 4) to base 14
-34c4
267 (base 14) to base 15
223
Convert 1708 (base 12) to base 14.
1000
What is -1111100101 (base 2) in base 13?
-5b9
What is 3283 (base 13) in base 14?
27c8
1507 (base 8) to base 12
59b
Convert 1132 (base 10) to base 7.
3205
-1815b (base 13) to base 16
-b52e
Convert 3669 (base 10) to base 2.
111001010101
1424 (base 6) to base 8
570
What is 3666 (base 7) in base 3?
1212210
Convert -1111001010 (base 2) to base 6.
-4254
1172 (base 14) to base 16
be0
Convert 5ea1 (base 16) to base 9.
36206
-b20 (base 16) to base 3
-10220111
Convert 120053 (base 6) to base 5.
313101
Convert -12ad (base 14) to base 7.
-12406
What is -245 (base 9) in base 14?
-107
What is 381 (base 12) in base 14?
29b
1080d (base 16) to base 12
33151
What is 29592 (base 10) in base 12?
15160
Convert 28b (base 15) to base 11.
489
312 (base 10) to base 8
470
Convert -20301 (base 4) to base 16.
-231
Convert 2111 (base 16) to base 5.
232330
Convert a49 (base 11) to base 15.
593
8ca4 (base 14) to base 11
17406
Convert -2102222 (base 3) to base 11.
-137a
What is -2303 (base 6) in base 8?
-1037
What is -190b (base 14) in base 7?
-16114
Convert -1045 (base 8) to base 4.
-20211
What is -3c3 (base 16) in base 8?
-1703
-10043 (base 6) to base 10
-1323
15dd (base 15) to base 16
1264
Convert 474 (base 11) to base 15.
27a
What is 202533 (base 7) in base 3?
1202102100
Convert -503 (base 6) to base 2.
-10110111
What is 1742 (base 8) in base 2?
1111100010
-683 (base 15) to base 9
-2016
Convert 11290 (base 13) to base 6.
400301
Convert -221d (base 15) to base 10.
-7228
Convert 1834 (base 13) to base 7.
13321
4001 (base 6) to base 2
1101100001
Convert 2011 (base 3) to base 10.
58
What is -a4cd (base 14) in base 7?
-145546
What is -2209 (base 15) in base 11?
-5464
3121244 (base 5) to base 15
1039e
What is 2122021 (base 3) in base 13?
b50
Convert -4454 (base 6) to base 16.
-412
Convert -10101011101000 (base 2) to base 8.
-25350
Convert 10003 (base 4) to base 7.
520
-100000101000 (base 2) to base 11
-1629
Convert -12101 (base 4) to base 11.
-335
What is -2644 (base 8) in base 9?
-1874
Convert -2285 (base 10) to base 7.
-6443
Convert -1110110100 (base 2) to base 16.
-3b4
Convert -1022120020 (base 3) to base 13.
-ba54
What is 12861 (base 10) in base 7?
52332
-29d5 (base 14) to base 8
-16417
Convert 3125 (base 7) to base 6.
5025
Convert -99b0 (base 13) to base 11.
-15119
Convert -10001100000 (base 2) to base 14.
-5a0
-14401 (base 8) to base 3
-22210002
-122 (base 8) to base 13
-64
138163 (base 9) to base 2
10100101011011110
30212 (base 6) to base 11
2a88
3030323 (base 4) to base 16
333b
Convert -8296 (base 13) to base 8.
-43165
What is 706 (base 10) in base 4?
23002
What is 1112232 (base 5) in base 12?
b490
What is -2166 (base 9) in base 12?
-b13
What is 2104 (base 5) in base 8?
427
Convert fe (base 16) to base 3.
100102
Convert 2013 (base 5) to base 10.
258
26506 (base 8) to base 2
10110101000110
What is -2173 (base 14) in base 12?
-3421
934 (base 10) to base 5
12214
What is 10011000101111 (base 2) in base 4?
2120233
Convert -6b81 (base 12) to base 3.
-121112021
-336 (base 13) to base 8
-1050
What is 303 (base 15) in base 8?
1246
Convert -27c5 (base 13) to base 7.
-22505
Convert -20c8 (base 15) to base 10.
-6938
What is -15 (base 16) in base 12?
-19
Convert -120b4 (base 12) to base 5.
-1234303
-1783 (base 9) to base 7
-3666
7b4 (base 16) to base 3
2201001
-11112000 (base 3) to base 15
-e99
-22112 (base 6) to base 10
-3068
-1db (base 16) to base 13
-2a7
37b (base 12) to base 9
645
17a2 (base 15) to base 9
6888
What is -12021022 (base 3) in base 15?
-1212
-73 (base 10) to base 3
-2201
What is 762 (base 14) in base 10?
1458
What is -9094 (base 12) in base 4?
-3310300
What is -112011011 (base 3) in base 16?
-284e
What is 10010001100000 (base 2) in base 16?
2460
Convert 23001 (base 4) to base 9.
863
2122221200 (base 3) to base 7
305631
-252400 (base 7) to base 3
-2100210021
Convert 5136 (base 9) to base 7.
13650
What is -3423 (base 5) in base 4?
-13220
What is 571 (base 10) in base 4?
20323
1000000000 (base 2) to base 16
200
What is -14394 (base 16) in base 7?
-463335
-16200 (base 10) to base 11
-11198
Convert 30203033 (base 4) to base 11.
35694
1202411 (base 5) to base 8
53327
What is 1530 (base 12) in base 16?
9b4
Convert -2113112 (base 4) to base 13.
-4541
Convert 85c9 (base 14) to base 4.
11221011
bcd4 (base 14) to base 9
48787
Convert 12331001 (base 4) to base 9.
43055
211 (base 13) to base 4
11200
Convert 868 (base 14) to base 8.
3174
869 (base 15) to base 9
2540
What is 13216 (base 7) in base 13?
17c5
2b (base 13) to base 10
37
Convert -487c (base 14) to base 16.
-316e
Convert -111431 (base 5) to base 3.
-12110211
-22120 (base 3) to base 8
-347
Convert -c6d7 (base 14) to base 2.
-1000010111110101
What is 684 (base 10) in base 14?
36c
3031224 (base 5) to base 9
74116
What is -10363 (base 10) in base 9?
-15184
12b (base 15) to base 5
2031
-2167 (base 10) to base 9
-2867
Convert -110100010 (base 2) to base 4.
-12202
Convert 43243 (base 7) to base 10.
10762
Convert -1602 (base 13) to base 7.
-12240
What is -5cd (base 15) in base 6?
-10034
Convert 5868 (base 13) to base 15.
3a33
-1214314 (base 5) to base 8
-55054
13201 (base 7) to base 3
11211201
-1310141 (base 5) to base 13
-b8b9
What is -3204 (base 5) in base 8?
-655
Convert 132413 (base 5) to base 14.
1d4a
Convert -28fc (base 16) to base 15.
-3197
-389 (base 10) to base 5
-3024
45140 (base 6) to base 11
482a
What is 17b (base 14) in base 9?
368
What is -b42b (base 12) in base 4?
-10302203
36e7 (base 16) to base 4
3123213
Convert -13561 (base 11) to base 16.
-4b6a
What is -110100101100010 (base 2) in base 12?
-13742
Convert 224242 (base 5) to base 9.
12058
-10a6 (base 12) to base 14
-966
Convert -166 (base 11) to base 12.
-141
Convert -e757 (base 15) to base 11.
-33821
Convert 2520 (base 6) to base 12.
440
Convert -465 (base 11) to base 14.
-2b9
What is -db (base 15) in base 12?
-152
556b (base 16) to base 8
52553
297 (base 11) to base 6
1340
1374 (base 9) to base 5
13124
Convert 21c9 (base 13) to base 6.
33520
325 (base 8) to base 4
3111
-2224 (base 5) to base 14
-186
What is -40366 (base 8) in base 11?
-11549
Convert -32211 (base 6) to base 13.
-2005
What is -550344 (base 6) in base 9?
-68361
20101 (base 5) to base 4
103330
-11323 (base 5)